
Let f be ((-4)/(-8))/(3/(-264)). Let u be (-160)/14 - f/(-77). Is (2/2)/(u/(-636)) a prime number?
True
Let q(j) = 2*j**2 - 10*j - 27. Let p be q(-5). Let m = p - 18. Is m prime?
False
Let r = 4440 + 40043. Is r composite?
False
Suppose 1673 = 3*h - x - 749, 800 = h - 4*x. Let j = 1618 + h. Is j composite?
True
Let b(d) = -2239*d + 163. Is b(-42) a prime number?
True
Suppose -25*k = -3*c - 21*k + 708331, -4*c + 3*k = -944432. Is c composite?
True
Suppose -13*b = -9*b + 3*v - 31320, 0 = -2*b - 5*v + 15674. Is b a prime number?
False
Let f = 19 + -14. Let c(l) = -123*l + 4. Let x(s) = -124*s + 3. Let p(v) = f*c(v) - 6*x(v). Is p(1) prime?
True
Let v = -14119 + 24434. Is v prime?
False
Let i = -337 + 5244. Is i composite?
True
Let r(c) = 23 - 19*c - 16*c - 13*c. Is r(-7) composite?
False
Is -14 - -8 - -12 - -481 composite?
False
Suppose -127907 = -21*r + 198412. Is r prime?
False
Suppose 0 = 2*m + n - 2415, 0 = -3*n - n + 4. Is m a prime number?
False
Suppose -2*k = 3*x - 80413, 0 = -3*k + 46 - 31. Is x composite?
False
Let n = 181 - -123. Is ((-6764)/n)/((-1)/(-44)*-1) composite?
True
Let b(p) = 4156*p**2 + 4*p - 3. Let c be b(1). Let k = c - 1824. Is k composite?
False
Suppose 0 = 57*h - 50*h - 59227. Is h composite?
False
Let x(s) = -s - 6. Let h be x(-10). Let n = -16 + 18. Suppose b = -5*m + 24, -171 = -h*b - 7*m + n*m. Is b prime?
False
Suppose 4*l + 520 = -2*s + 7762, 0 = 5*s - 5*l - 18120. Is s prime?
True
Suppose 4*s + 4*b = 16, -2*s + b + b = -8. Suppose 5*q - s*g - 3057 = 0, -843 = -2*q - 3*g + 389. Is q composite?
False
Let f(x) be the second derivative of 2*x**4/3 - x**2/2 + 6*x. Let n be f(-1). Suppose 6*w - n*w + 118 = 0. Is w a composite number?
True
Suppose 2*v + 4*d + 2478 = 0, 4*v + 4906 = -0*v + 2*d. Is (2 + v)*2/(-6) a prime number?
True
Is 10976 + (3 - (-3 + 3)) a prime number?
True
Suppose -23*i + 16*i = -2261. Is i a prime number?
False
Let q(z) be the second derivative of 1/3*z**3 + 0 + 53/12*z**4 + z**2 + 6*z. Is q(3) prime?
False
Let g be (1/(-7) - (-117)/(-63))*-1. Suppose -728 = -b - 5*y, -2*b + 1438 = 6*y - g*y. Is b a prime number?
False
Let n(r) = -102*r**3 - 2*r - 1. Let l be n(-1). Suppose 0 = -3*f + 5*k + 580, -2*f + 105 + 267 = 4*k. Let a = f - l. Is a a composite number?
True
Let i(w) be the first derivative of 8*w**3 + w**2/2 + 6*w + 19. Suppose -3*d = -5*x - 12, -d + 2 = 3*x - 4*x. Is i(x) prime?
False
Let m = 10 - 5. Suppose 0 = -m*z + 232 + 403. Is z a composite number?
False
Let m(r) = -11554*r + 5. Is m(-3) a composite number?
False
Suppose -3*d + 1146 = z - 386, -z - 2556 = -5*d. Suppose -5*n = -214 - d. Is n composite?
True
Let n be (-1)/(3 - (-16)/(-6)). Let o(s) = -163*s + 1. Let m be o(n). Suppose -m - 40 = -2*j. Is j a prime number?
False
Let i be (50/75)/((-34)/(-30) - 1). Suppose 0 = -c + a - 3*a + 257, 2*a - 1285 = -i*c. Is c a composite number?
False
Let x(j) = -2047*j - 6. Let v be (1*(2 + 0))/((-4)/2). Is x(v) a composite number?
True
Let u(o) = -5*o**3 - 5*o**2 - 5. Let j be u(-4). Let i = -29 - 19. Let d = i + j. Is d a prime number?
False
Let a = 18643 + -3132. Is a a composite number?
False
Let q(w) = 24*w - 19. Let c be q(10). Suppose -s - 2*n - c = -2*s, 2*s = 3*n + 443. Is s composite?
False
Let j(b) = b**3 - 6*b**2 + 17*b - 3. Let v be j(9). Suppose 1644 = 7*g - v. Is g composite?
True
Let c(t) = 1810*t - 41. Is c(3) a prime number?
False
Let d(r) = -r**2 - 1 + 5*r - 7*r**2 + r**2. Let p be d(-5). Let c = 406 + p. Is c composite?
True
Let b(d) = -58*d + 32. Let g be b(-14). Suppose -9*x + g = -5*x. Is x composite?
False
Suppose 3*t + t = 0. Suppose t*f - 3*f + a = -45, -4*f = -a - 59. Let d(i) = i**2 - i - 16. Is d(f) a prime number?
False
Suppose 0 = 3*b, -2*b = -4*m + b + 5036. Is m a composite number?
False
Let x(p) = 557*p**2 + p + 1. Is x(-1) prime?
True
Is 1 + -3 + 20532/12 a composite number?
False
Let u(i) = -115*i. Let z(w) = -w**2 - 2*w - 1. Let k be z(-2). Is u(k) a prime number?
False
Is (-22863*11/33)/(-1) a composite number?
False
Suppose 0*g = 3*g - 5694. Suppose -641 = 2*f - r - g, 4*f + 2*r - 2534 = 0. Is f composite?
False
Let i(a) = a**2 - 4*a - 1. Let p be i(2). Let u(v) = -52*v + 10. Let c be u(p). Let o = c - 143. Is o a composite number?
False
Suppose -3*n - 231 = -z, 0*n - 3*n = 5*z - 1155. Let a = z - -142. Is a composite?
False
Suppose -2*v + 5*x + 37581 = 8970, -5*x = -4*v + 57217. Is v composite?
False
Suppose 0 = 6*n + 7*n. Suppose n = -4*h + 3*h + 719. Is h a composite number?
False
Let r(f) = -f**3 - 6*f**2 - 7*f - 1. Let u be r(-4). Is -4*(-6)/60 + (-2463)/u a composite number?
True
Let s be 0 + 17 + 0 + 0/4. Suppose -s = -u + 50. Is u composite?
False
Suppose 8 = 12*f - 8*f. Suppose q + q = 2*t + 2550, 3*q - 3800 = -f*t. Let y = q - 629. Is y prime?
True
Let o be 106/(10/(-4) - -2). Let i be (-1 + o)/((-8)/(-16)). Let c = 911 + i. Is c prime?
False
Let t = 27 - 72. Let y = t - -59. Is y a composite number?
True
Let k(c) be the first derivative of -c**6/60 - c**5/5 - 5*c**4/12 + 11*c**3/6 - 3*c**2 + 3. Let j(p) be the second derivative of k(p). Is j(-9) prime?
True
Let p = 5 + -3. Suppose 1552 = p*y + 3*t - 8*t, -4*y = 2*t - 3128. Is y a composite number?
True
Suppose 0 = 2*y - 5*y - 72. Let f = -20 - y. Is (181 + (-8)/f)*1 a composite number?
False
Suppose -5*q = 16 + 4. Let f be q/(-8)*-2*203. Let s = -90 - f. Is s a prime number?
True
Suppose -3*t = -2*o - 94353, -16*o + 15 = -11*o. Is t composite?
True
Let u = 31 - -213. Let n = u - -92. Suppose 2*y - n = 454. Is y composite?
True
Suppose 7*g - 2604 = 3*g. Suppose -n + g = -238. Is n a composite number?
True
Let y(l) = -4*l**3 + 2*l**2 + l - 11. Let r(s) = 2*s - 24. Let f be r(9). Is y(f) a prime number?
True
Suppose 51*v - 10235 = 46*v. Is v composite?
True
Suppose -100 = r - 2*p, -5*p + 134 + 165 = -3*r. Let l = 115 - r. Is l a composite number?
True
Let d(q) = -2*q + 25. Let u be d(11). Suppose 0 = -u*r + 94 - 37. Is r composite?
False
Let y = 19 - 15. Suppose -4*p - 5*w - 14 = 0, 5*p - y*w - w = -40. Let u(x) = -2*x**3 - 2*x**2 - 8*x + 1. Is u(p) composite?
False
Suppose 0 = q - 14*t + 11*t - 46021, 2*q + 2*t - 92042 = 0. Is q composite?
False
Let l(y) = -10*y - 18. Let n be l(-19). Let d = n + -29. Is d a prime number?
False
Suppose -35498 - 169612 = 6*c. Is c/(-135) + (-4)/18 composite?
True
Suppose 2*v = -36*k + 35*k + 53191, 0 = v + 5*k - 26582. Is v a prime number?
True
Let m(t) = 52021*t**2 + 21*t - 23. Is m(1) a prime number?
False
Let u(h) be the second derivative of -14*h**3/3 + 3*h**2/2 - 5*h. Let i be u(2). Is 1/((-107)/i + -2) a composite number?
False
Let r be (54/4)/((-7)/(-14)). Let x = 164 + r. Is x a prime number?
True
Let f = -33 - -97. Suppose 4*g - 84 = f. Is g a composite number?
False
Suppose 5*d - 29 - 1 = 0. Let l(n) = -9*n**2 - 5*n + 17. Let u be l(d). Let v = -84 - u. Is v composite?
True
Let j(i) = 20*i - 12. Let h be j(-4). Let a = 57 - h. Is a a prime number?
True
Let m(v) = 2*v + 14. Let d be m(-6). Suppose -d*l - 17 = -87. Is l composite?
True
Let h(g) = -g**3 + 3*g**2 - 8*g + 1. Let a(o) = -13*o + 26 + 23*o + 2 - 6*o. Let v be a(-8). Is h(v) a prime number?
False
Suppose -6*z + 11*z + 15 = 0. Let b(v) = 266*v**2 + 4*v + 11. Is b(z) composite?
False
Let y = -480 + 511. Is y composite?
False
Suppose 3*b - 11592 - 1371 = 0. Is b prime?
False
Suppose -20*s = -16*s - 20. Suppose -t = -s*t + 4036. Is t a prime number?
True
Is ((-5)/20 + (-3)/(-4))*28354 composite?
False
Let y(i) = 348*i**2 - 19*i + 5. Is y(-8) composite?
True
Let p(u) = 10*u**2 - 3*u + 2. Let s be p(1). Suppose b + 6 = s. Suppose b*a - 2*a - 113 = 0. Is a a prime number?
True
Let b(p) = 11*p**3 - 9*p**2 - 10*p + 8. Let w(u) = 5*u**3 - 5*u**2 - 5*u + 4. Let g(q) = 6*b(q) - 11*w(q). Let s = -105 + 108. Is g(s) a prime number?
False
Suppose 3 + 9 = 4*m. Suppose -2*h + 8884 = h - 5*j, -5*h + 14784 = 3*j. Suppose 0 = -m*d + 9*d - h. Is d a prime number?
False
Let x = 773 + -448. Is x + 2 - (10 - 14) composite?
False
Let u be -2 + 4 - (2511 - 0). Let t = -1724 - u. Is t a prime number?
False
Is 3/18 - (33467/(-6))/7 a composite number?
False
Suppose -3*m - 38 = 3*f - 5*f, 0 = -2*m - 2*f - 32. Is 7/m + 299/2 a composite number?
False
Suppose -g = 3*a - 13, 0 - 3 = 3*a - 3*g. Suppose 0 = -2*y - 2*l + 16, 